 Let n = -21 + y. What is the hundreds digit of n?
1
Let x = -4073 + 6332. What is the tens digit of x?
5
Let t be (-1)/(-1 - 8/(-9)). Suppose 20*p = 12*p + 40. Suppose -3*y + b = -16, y - p*b = t + 1. What is the units digit of y?
5
Suppose -3*j - 4*m + 2864 - 672 = 0, -4*j + 5*m = -2964. Suppose 0 = -5*x + 4*c + 894, j = 6*x - 2*x + 2*c. What is the units digit of x?
2
Suppose 0 = -2*t - g + 9, -6*g = 2*t - g - 13. Suppose -t*c = -246 - 30. What is the tens digit of c?
6
Let o(m) = -2*m + 2. Let j(v) = 3*v + 4. Let x be j(-4). Let z be o(x). Suppose -2*h + z = 4. What is the units digit of h?
7
Let f(s) = s**3 - 26*s**2 + 18*s - 2. What is the tens digit of f(26)?
6
Let w(d) be the second derivative of -3*d**5/20 + d**4/6 + d**3/6 + 4*d. Let l be w(-4). What is the units digit of (-4)/(-22) - (-10960)/l?
0
Let v(n) be the third derivative of -n**6/120 + 11*n**5/60 + n**4/2 + 7*n**3/3 - 4*n**2. Let q be 158/13 + 18/(-117). What is the tens digit of v(q)?
1
Let b(g) = -121*g - 441. What is the tens digit of b(-7)?
0
Let z be 0/((-12)/(-3) - 2) - -9. Suppose z*p = 5*u + 4*p - 685, 0 = -p. What is the hundreds digit of u?
1
Let l = 2882 + -1451. What is the hundreds digit of l?
4
Let f(a) = 3*a**2 - 9*a - 6. What is the units digit of f(-11)?
6
Suppose -4*q + 42 = -q. Suppose 2*x + 6 = -3*s, 2*s + q = -2*x - 3*s. What is the units digit of x?
3
Let k(v) = -v + 6. Let p be k(6). Suppose -4*s + 41 = 5*q, p*q + 3*s = 2*q + 2. What is the units digit of q?
5
Suppose 3*n = 3*t - 11 + 152, 161 = 3*n + 2*t. Suppose 2*u - n = -u. Suppose 3*g - u = 13. What is the units digit of g?
0
Let b be ((-8)/(-3))/((-4)/(-6)). Let r(n) = -1 - 4 - 8*n + b. What is the units digit of r(-2)?
5
Suppose 5*g + 2003 = 3*f - 6341, -f + 2*g + 2781 = 0. What is the units digit of f?
3
Suppose 0 = 3*z - 4 + 25. Let u = 13 + z. Suppose -u*v + 2*v = -72. What is the units digit of v?
8
Suppose 7*f - 9493 - 10247 = 0. What is the hundreds digit of f?
8
Let k be 3/(-6) - (-34)/(-4). Let h be (k/12 + 0)*-60. Suppose 6*n = -5*g + 3*n + h, 5*n = 0. What is the units digit of g?
9
Suppose p - b = -0*p + 140, 428 = 3*p - 5*b. What is the hundreds digit of p?
1
Let c(o) = 2*o - 7*o + 1 + o. What is the units digit of c(-3)?
3
Let b = 24 - 20. Suppose 0 = 2*t + b*q + 144, 59 + 90 = -2*t + q. What is the tens digit of 1*t/(-2)*1?
3
Let a = -11 + 70. Suppose 0*y - a = -5*d + y, 4*d + 4*y = 28. Suppose p = 20 + d. What is the units digit of p?
1
Suppose -10*b + 2839 = 7*b. What is the units digit of b?
7
Let c = 116 - 119. Let r(v) = -4*v - 6. What is the units digit of r(c)?
6
Let p be 1333/6 + (87/18 - 5). Suppose -f + p = -j, -94 = -3*f - 3*j + 566. What is the units digit of f?
1
Let d be (-60)/(-72)*(-6)/(-1). What is the tens digit of (5 + -9 + d)*199?
9
Let r be (-3 - -2)*6*(-13)/2. Let i = 52 - r. What is the units digit of i?
3
Let m(w) = -2*w - 29. Let a(z) = 4*z + 57. Let n(v) = 4*a(v) + 7*m(v). What is the tens digit of n(4)?
3
Let x(f) = 311*f**2 - 4*f + 1. What is the tens digit of x(-2)?
5
Let b(j) = -9 - 3*j**2 - 2*j + 2*j**2 - 12*j. Let q be b(-13). Suppose 2*d = -3*n + 1, -3*d + 0 = q*n - 2. What is the units digit of d?
2
Let h(p) = -p**3 - 2*p**2 + 3*p + 1. Let s be h(-3). Let o be ((3 + 1)/2)/(18/27). Suppose 0 = -2*z - 2*c + 70, 0 = -4*c - s - o. What is the tens digit of z?
3
Suppose -2*m + 11790 = -10*w + 9*w, 2*m - 3*w = 11790. What is the tens digit of m?
9
Let i be 1 + 7 + 1 + -3. Let o be -6*(i/9 - 1). Let b(h) = 12*h + 2. What is the tens digit of b(o)?
2
Suppose 11*l - 33 = 1782. What is the tens digit of l?
6
Suppose -5367 = -24*i + 12081. What is the units digit of i?
7
Let n = 26 + -7. Suppose 23*p = n*p + 276. What is the tens digit of p?
6
Let j(y) = -28*y - 8. Let x = -89 + 86. What is the tens digit of j(x)?
7
Let a be (-4)/2*(-2)/2. Suppose -a*o + 5*t = -15, 4*o = 5*t + 32 - 7. What is the units digit of o?
5
Let u be (-35)/10*(-4)/7. Let b = u + -38. Let a = b - -61. What is the units digit of a?
5
Suppose -3*v + 1 = 5*w + 5, -v = -5*w + 8. Let p(x) = 3*x**2 + x - 2. Let i be p(w). Suppose -2*k - i*k = -84. What is the tens digit of k?
2
What is the tens digit of 2071/5 + (-18)/90?
1
Let h = 9487 - 6441. What is the thousands digit of h?
3
Suppose 0 = 5*h - 20263 + 3168. What is the hundreds digit of h?
4
Suppose 25*x - 27*x + 92 = 0. Suppose u + u = x. What is the units digit of u?
3
Suppose 0 = -78*c + 96*c - 64368. What is the hundreds digit of c?
5
What is the units digit of ((-198)/30 - 6)*(0 - 15)?
9
Let n(x) = 19*x + 41. What is the hundreds digit of n(53)?
0
Suppose 0*c + c = 0. Suppose c = n - 15 - 2. Suppose 2*j + 0 - 2 = 0, n = 2*s - 5*j. What is the tens digit of s?
1
What is the thousands digit of 4 - -6 - (1 + -3345)?
3
Suppose 1152 = 2*q + w, 4*q + 6*w = 7*w + 2292. Let o be q/70 - 1/5. What is the tens digit of (o - -4)*4/3?
1
Let u(b) = b**3 - 4*b**2 - 13*b - 7. Let h be u(7). Suppose -4*r + 203 = -4*k - 25, r - 5*k = h. What is the tens digit of r?
5
Let o(f) = f**2 - 9*f + 3*f + 3 + 8*f. What is the tens digit of o(5)?
3
Let l(r) be the first derivative of -r**4/12 + r**3 - 7*r**2/2 + 8. Let d(u) be the second derivative of l(u). What is the units digit of d(-12)?
0
Let o(b) = -b**2 - 15*b - 18. Let s be o(-14). Let d be 6*s/((-48)/556). What is the tens digit of (-4)/(-20) - d/(-10)?
2
Suppose 8*l - 4*g - 8035 = 3*l, 4*l - 6392 = -4*g. What is the tens digit of l?
0
Let u(v) = -7 - 19*v + 3 - 2. Let z be u(-3). Suppose 33 = 2*y - z. What is the tens digit of y?
4
Suppose 25039 + 20461 = 10*p. What is the tens digit of p?
5
Let t(o) = -o**2 - 8*o + 13. Let y = -34 + 25. Let s be t(y). Suppose 0 = 2*u - s, 3*q - 5*q = -3*u - 140. What is the tens digit of q?
7
Suppose 3*c - 3 = -2*c - 3*v, 4*c - 2*v - 20 = 0. Suppose c*y = 177 + 15. What is the tens digit of y?
6
Let d = -52 + 52. Suppose d = 3*q - 767 + 206. What is the hundreds digit of q?
1
Suppose 0 = -7*o + 92 + 1504. Suppose 10*f - o = 7*f. What is the units digit of f?
6
Let t(f) = 5*f**2 + 6*f + 10. Let n(w) = w**2 + 1. Let q(r) = -4*n(r) + t(r). Suppose 2*l + 3 + 13 = 0. What is the tens digit of q(l)?
2
Let u(i) = -2*i**2 + 5*i + 4*i + 3*i**2 - 5*i + 3. Let j(s) = s + 8. Let p be j(-4). What is the tens digit of u(p)?
3
Suppose 0 = -3*v + 4*m - 4 - 6, -m = 2*v + 14. Let t(s) = 14*s + 5. Let b be t(v). What is the tens digit of (-4)/14 - b/7?
1
Let o be -6*1 + 3 - -5. Suppose 4*r = -o + 18. Suppose -r*m + 63 = -57. What is the units digit of m?
0
Let y be 2 - (4 + -3)*10. What is the hundreds digit of 10/y*(34*-5 - 6)?
2
Let y(r) = 31*r + 9. Let g be y(7). Suppose 0 = -3*z - 0*l - 2*l - 170, 2*l + g = -4*z. What is the units digit of (-10)/(-4)*z/(-10)?
4
Let k(r) = 1. Let n(l) = -12*l - 21. Let s(f) = 2*k(f) - n(f). What is the hundreds digit of s(11)?
1
Let u(s) = s**2. Let j be u(1). Let y be (-2)/j + -1 - 3. Let n(m) = -3*m - 7. What is the tens digit of n(y)?
1
Let r(q) = 13*q + 3. Let d(p) = 14*p + 4. Let n(f) = -5*d(f) + 6*r(f). Let i(s) = -s**2 + 5*s + 3. Let v be i(5). What is the units digit of n(v)?
2
Let y = 3005 - 760. What is the tens digit of y?
4
Let c(u) = -126*u**3 + 3*u**2 + 8*u + 14. What is the thousands digit of c(-2)?
1
Let l(g) = 3*g - 3. Let i be 4*(-2 - 15/(-6)). Let j be l(i). Suppose 4*n = -3*c + 67, -37 - 31 = -j*c - 5*n. What is the units digit of c?
1
Suppose 12*r = 8*r + 760. Let j = r + -81. What is the units digit of j?
9
Suppose -73718 = -7*m - 24*m. What is the thousands digit of m?
2
Let a be (3 + -3)*1/1. Suppose -5*d - r + 478 - 26 = 0, d + 2*r - 85 = a. What is the units digit of d?
1
Let n(k) = -k**3 - 13*k**2 + 11*k - 40. Let v be n(-14). Suppose 2*u + 3*t - 334 = 107, 453 = v*u - t. What is the units digit of u?
5
Let o(i) = i**3 + 28*i**2 + 32*i - 63. What is the hundreds digit of o(-24)?
4
Let m(o) = -6*o. Let r be m(9). Suppose -3*h + 6*h + 295 = -5*j, -4*h - 5*j - 390 = 0. Let u = r - h. What is the units digit of u?
1
Let q be (-58)/3*(12/8 + -3). Suppose q + 36 = l. What is the units digit of l?
5
Let l = 3 + -3. Suppose -5*p = -8*p + 9. Suppose -p*d = -l*d - 54. What is the tens digit of d?
1
Suppose q - 5456 = -5*u, -4*q = u - 3*q - 1092. Suppose -9 = -4*b + u. What is the units digit of b?
5
Let p(h) = 4*h**3 + 28*h**